
Let a(u) = 7579*u + 0*u**2 - 7 - 7583*u + 5*u**2. Let c be 0 + 0 - (1 - -1). Let z be a(c). Calculate the greatest common factor of z and 84.
21
Suppose 112*x = 110*x + 2. Let d = x - -65. What is the greatest common factor of d and 22?
22
Let q be 65 + 15/((-3)/1). What is the highest common divisor of 84 and q?
12
Suppose 0 = 4*k + 3*o - 91, 5*o + 12 = -3. Suppose -5*j + 256 = g - 4*g, 2*j - 90 = -5*g. Calculate the greatest common factor of j and k.
25
Let f be (0 + 0/(-3))*(1 + 0). Let h be 11 - 0*(2 + f)/(-2). Let b(y) = y**2 - y - 1. Let v be b(8). What is the greatest common factor of v and h?
11
Suppose m + 3*j = 0, -6*m + 4*j = -5*m - 28. Calculate the highest common factor of 1212 and m.
12
Suppose -3*i + 0*c - 2*c = -588, 1002 = 5*i - 4*c. Suppose 0 = -30*q + 29*q - 10. Let g be ((-36)/q)/(4/20). What is the highest common factor of i and g?
18
Let x(l) = l**3 + 5*l**2 - 4*l - 4. Let q be x(-2). Calculate the greatest common factor of 112 and q.
16
Let f be ((-36)/(-8))/(12/16). What is the greatest common divisor of f and 162?
6
Suppose 11*t - 32 = 8*t - q, -5*q - 16 = -t. What is the highest common factor of t and 88?
11
Suppose 27*u = 25*u + 904. Suppose -5*z + z - u = -2*g, 4*g = -5*z - 539. Let a = 195 + z. What is the greatest common factor of 12 and a?
12
Let o(z) = 41*z + 6. Let j be o(-2). Let q = 98 + j. What is the greatest common divisor of 66 and q?
22
Let h be (-1434)/(-18) - (3 + 12/(-9)). Calculate the highest common divisor of 39 and h.
39
Suppose -6*t + 6 = -3*t. Suppose 2*n = t*g - 208 - 24, 4*g = -5*n + 500. What is the highest common factor of 15 and g?
15
Let f = -275 - -403. Let k = -20 + f. Suppose 4*o = 2*o + 24. Calculate the greatest common divisor of o and k.
12
Let n = 11 + -10. Let f be 1/n - 2*1. Let z be (-3)/f*110/33. What is the greatest common factor of z and 30?
10
Let p be 4898/682 - 2/11. Calculate the highest common factor of p and 175.
7
Let m(x) = 22*x - 100. Let g(t) = -7*t + 33. Let h(s) = 11*g(s) + 4*m(s). Let w be h(4). Calculate the greatest common factor of w and 7.
7
Let k(n) = n**3 - 2*n**2 - 4*n + 16. Let g be k(4). Calculate the greatest common divisor of 4 and g.
4
Suppose -5*x + 2*g + 862 = -x, x - 211 = -4*g. What is the highest common factor of 129 and x?
43
Suppose 0 = 5*n + 5, -28 = -5*x + 5*n + 17. Let v(z) = 7*z**2 - 4*z + 5. Let w be v(7). Suppose 8*s - 3*s = w. What is the highest common factor of x and s?
8
Let z = -133 + 210. Let b be z/22*20/7. What is the greatest common factor of b and 40?
10
Let n be 985/25 - 14/35. What is the greatest common divisor of n and 429?
39
Suppose -2*s + 44 = 5*c - 21, 0 = -5*s - 4*c + 205. Let l(a) = -a**2 - 2*a + 12. Let y be l(-3). Calculate the greatest common factor of y and s.
9
Let v be 1/(-5*(-3)/90). Suppose -4*z + v*z - 2 = 0. Calculate the highest common factor of 2 and z.
1
Suppose 1945*p = 1955*p - 810. What is the highest common factor of p and 3?
3
Let k(m) = 4*m**2 - 29*m - 119. Let c be k(19). Calculate the highest common factor of 172 and c.
86
Let c(r) = r**3 + 14*r**2 + 14*r - 23. Let w be c(-11). Calculate the highest common factor of w and 496.
62
Suppose -2*k + 495 + 648 = 3*d, -2*k + 1141 = d. What is the greatest common factor of k and 120?
30
Let d(y) = y + 6. Let i be d(0). Let x(l) = l**3 - 3*l**2 + 8*l - 9. Let u be x(i). Suppose 221*t = 224*t - 63. Calculate the highest common divisor of t and u.
21
Let c be (13 + -1)/((-2)/(-20)). Suppose 0*g + 3*g = 5*u + 23, 4*u - 26 = -5*g. Suppose 5*z - 54 = g. What is the highest common factor of z and c?
12
Suppose 4786*r - 4788*r = -416. Calculate the highest common divisor of r and 156.
52
Suppose -5*x + 3463 = -p + 585, p - 2 = 0. What is the greatest common factor of 36 and x?
36
Suppose -6*x + 2*x + 16 = 0. Suppose -v - x = 4*s - 1, -4*v + 4*s = -88. Let g = 278 - 210. Calculate the greatest common divisor of g and v.
17
Let p be (-198)/(-10) + 170/(-25) + 7. Calculate the highest common divisor of p and 4.
4
Let j = 649 + -611. What is the greatest common divisor of j and 190?
38
Let k be (-2)/(6/(-15)) + 123. What is the highest common divisor of k and 16?
16
Suppose 0 = -l - 4*w + 34, 0 = -4*l + 3*l + w + 44. Let b = 38 + l. What is the greatest common divisor of b and 32?
16
Suppose -11 = -4*u + 2*f + 5, 0 = -4*u - 4*f + 28. Let n be (0 + 12)/((-3)/(45/(-2))). Calculate the highest common divisor of u and n.
5
Suppose -4*y = -4*v + 85 + 219, 5*y = -2*v + 159. Let z = v + -35. What is the highest common divisor of z and 336?
42
Let t(b) = -3*b**2 - 6*b - 12. Let y be t(9). Let x = -219 - y. What is the highest common divisor of 18 and x?
18
Let k be 36/27 + (-106)/(-6) + -2. Calculate the highest common divisor of 425 and k.
17
Let k(v) = -2*v**3 + 26*v**2 + 7*v - 1. Let i be k(13). What is the highest common divisor of i and 15?
15
Suppose 6*p + 0*p = 12. Let j be 1 - p*(3 - 3 - 19). What is the highest common factor of j and 26?
13
Suppose 3*u = 57 - 48. Calculate the highest common divisor of u and 1077.
3
Suppose 2*x + 0 = 106. Suppose -5*u + 4*h = -10*u + x, u - 4*h = 1. What is the highest common factor of u and 54?
9
Let c(b) = b**2 - b. Let a be c(3). Suppose 0 = 3*r + 40 + 5. Let f = r - -19. Calculate the greatest common factor of f and a.
2
Let i be 129/43 + (-618)/(-1) + 0. What is the greatest common divisor of i and 69?
69
Suppose 0 = 4*t - 2*t - 46. Let n(c) = 23*c - 759. Let d be n(35). Calculate the highest common divisor of t and d.
23
Let w be -9 + 5 + 6 + (2 - -30). What is the greatest common divisor of 340 and w?
34
Let f(n) = 4*n - 19. Let w be f(15). Suppose -5*u + 3*j = -51, 2*j + w = 5*u - 13. What is the greatest common divisor of 8 and u?
4
Let l(a) = 638*a**2 + 5*a + 4. Let r be l(-1). Calculate the highest common factor of 13 and r.
13
Let b = -47 - -47. Suppose b = -2*s + 2*y + 228, 6 = -2*y - y. Calculate the highest common factor of 16 and s.
16
Suppose 0 = -4*q + 7*q. Suppose 5*p - u - 55 = q, -3*p + 7*p = 3*u + 55. Calculate the highest common divisor of 1 and p.
1
Let q(t) = -t**3 - 6*t**2 + 7*t + 6. Let i be q(-7). Suppose -2*z + i*z - 32 = 0. Calculate the greatest common factor of 32 and z.
8
Let a(y) = -y**3 + 9*y**2 - 8*y + 2. Let t be a(8). Suppose 572 = -t*i + 6*i. Calculate the greatest common factor of i and 13.
13
Let a = 139 - 209. Let n = a - -90. What is the greatest common factor of 4 and n?
4
Let l = -13 - -17. Suppose -2 = l*h + i - 34, h + 9 = 4*i. Suppose 0*r - 70 = -2*r. What is the highest common divisor of h and r?
7
Let b(o) = 165*o**3 + 2*o**2 + o - 1. Let j be b(1). Suppose 6*a - j = 103. What is the greatest common divisor of a and 18?
9
Let p(c) = c + 20. Suppose -3 - 1 = -2*t, 0 = -4*u + t - 58. Let n be p(u). Suppose n*z - 42 = 4*z. Calculate the highest common factor of 3 and z.
3
Suppose 3*k + 16 = 2*f, -2*k - 2 = 6. Suppose 5*b - 31 = -a, -4*b = a - f - 23. What is the highest common divisor of 18 and b?
6
Suppose -3*m + 12 = 5*b - 17, 2*b - 5 = m. Let z(j) = 2*j + 46. Let k = -9 - 6. Let r be z(k). Calculate the greatest common factor of r and b.
4
Suppose 2*j = 5*u - 272, -3*u + 129 = j - 43. Let x be (9/(-6))/(0 + (-9)/48). Calculate the highest common divisor of x and u.
8
Let q be (8/(-16))/((-3)/66) + 3. Calculate the highest common factor of 63 and q.
7
Let t = -82 + 84. Suppose 16*p - 606 = t. What is the greatest common factor of p and 95?
19
Let c(y) = 2*y**2 + 47*y - 12. Let i be c(-24). What is the greatest common factor of 48 and i?
12
Let m = -45 - -79. Suppose -22*w + 20*w - 20 = 0. Let i(l) = 3*l**2 + 7*l + 42. Let d be i(w). Calculate the greatest common factor of m and d.
34
Let a be 7 - (-4)/((-28)/7). Calculate the greatest common divisor of 8 and a.
2
Let v be 11 + (-8 - 4) + (8 - -1). Calculate the greatest common divisor of v and 88.
8
Let u be 6/8*1/(-3)*-8. Suppose -3 = -2*x - 3*h, 4*x + 2*h = -u*h + 8. What is the greatest common divisor of 2 and x?
1
Let d = 204 - 139. Let g be 1 - -26 - (-1 + 2). Calculate the greatest common divisor of d and g.
13
Suppose 5*w = -2*q + 60 - 20, -2*q = -3*w + 8. Suppose -63 = -6*c + 13*c. Let d be (-2)/c + (-3)/((-27)/376). What is the greatest common factor of d and w?
6
Let n(z) = z**3 - 6*z**2 - 21*z - 4. Let d = 24 - 15. Let 